e
Is 6115843 a prime number?
True
Is 126833 a prime number?
False
Is 347359 a composite number?
False
Is 8544043 composite?
True
Is 16475993 composite?
False
Is 300082 a composite number?
True
Is 329227 a prime number?
False
Is 703361033 a prime number?
True
Is 1641917 composite?
False
Is 6088053 composite?
True
Is 263227 a composite number?
False
Is 27929371 prime?
True
Is 10656371 a composite number?
True
Is 4951714 a prime number?
False
Is 36311537 prime?
True
Is 38675443 a prime number?
False
Is 70242191 a prime number?
False
Is 7521881 composite?
False
Is 16385447 a prime number?
False
Is 58258741 a composite number?
True
Is 3779753 prime?
True
Is 660887 composite?
False
Is 114848837 a composite number?
False
Is 117567361 a composite number?
True
Is 262729211 a prime number?
True
Is 12581479 a prime number?
False
Is 73649551 a composite number?
False
Is 148969819 composite?
False
Is 2343881 a composite number?
False
Is 212822369 a composite number?
True
Is 1519363 composite?
False
Is 1367617 prime?
True
Is 13584443 composite?
True
Is 51696539 a composite number?
True
Is 2754119 prime?
False
Is 155731 a composite number?
False
Is 2910989 a composite number?
True
Is 1580833 prime?
False
Is 1708046179 composite?
True
Is 48122842 a composite number?
True
Is 199642279 composite?
False
Is 26753041 prime?
False
Is 151187 a composite number?
True
Is 2845949 a composite number?
False
Is 84769019 a prime number?
False
Is 49197539 a composite number?
False
Is 1247201 composite?
True
Is 1412597 a composite number?
False
Is 7614773 a composite number?
False
Is 13124803 prime?
True
Is 60971773 prime?
True
Is 17295533 composite?
False
Is 96749 a composite number?
False
Is 7016567 a prime number?
False
Is 47415689 a composite number?
True
Is 192650417 a composite number?
False
Is 40430737 composite?
True
Is 57751319 a prime number?
True
Is 41416457 a prime number?
True
Is 303308207 a prime number?
True
Is 5709437 composite?
False
Is 3933847 prime?
False
Is 10675865 a composite number?
True
Is 68010799 a prime number?
True
Is 4638701 composite?
True
Is 3366443 prime?
False
Is 100753579 prime?
False
Is 602846 a prime number?
False
Is 7511761 a composite number?
False
Is 413341 a composite number?
True
Is 3230506 composite?
True
Is 45541541 a composite number?
True
Is 61256747 a prime number?
False
Is 22030483 a prime number?
True
Is 3498101 a prime number?
True
Is 5442817 prime?
True
Is 67827077 a composite number?
True
Is 2814233 a composite number?
False
Is 2202853 a prime number?
True
Is 1935191 prime?
False
Is 17589283 prime?
False
Is 25900421 a prime number?
True
Is 30292367 a prime number?
False
Is 2588563 composite?
True
Is 48931145 a composite number?
True
Is 7665127 prime?
True
Is 11586154 composite?
True
Is 125591 composite?
False
Is 17236829 composite?
False
Is 5581141 a prime number?
True
Is 3402041 prime?
False
Is 188419529 prime?
True
Is 99204481 a prime number?
True
Is 65446835 a prime number?
False
Is 4671721 a composite number?
True
Is 13522199 prime?
False
Is 7472593 a composite number?
True
Is 191745139 a composite number?
True
Is 56682547 a composite number?
False
Is 992911 a composite number?
True
Is 298579 composite?
False
Is 576717059 prime?
True
Is 263646137 composite?
False
Is 346820533 prime?
True
Is 4255313 a composite number?
False
Is 608384585 a prime number?
False
Is 7730651 a composite number?
False
Is 30067457 prime?
False
Is 34366771 a prime number?
True
Is 34417 a prime number?
False
Is 22824619 prime?
False
Is 752513129 prime?
False
Is 930569 prime?
True
Is 25229251 a composite number?
False
Is 66455281 composite?
False
Is 3748631 a prime number?
False
Is 10758677 a prime number?
True
Is 592793 prime?
True
Is 1041013 a prime number?
False
Is 1283383 prime?
True
Is 31661081 prime?
True
Is 1958513 composite?
False
Is 51815833 a composite number?
False
Is 40049411 composite?
False
Is 1461217 a prime number?
False
Is 14326787 a prime number?
True
Is 2363563 a prime number?
True
Is 2763573 a prime number?
False
Is 61107089 prime?
False
Is 1755161 a prime number?
True
Is 866911 composite?
True
Is 1919849 a prime number?
False
Is 828493 a composite number?
True
Is 5119007 a prime number?
True
Is 15460441 a composite number?
False
Is 86062489 prime?
True
Is 5210087 prime?
True
Is 201911903 prime?
False
Is 1178339 a composite number?
True
Is 65897089 a composite number?
False
Is 12576985 composite?
True
Is 5243249 a composite number?
True
Is 2214085 prime?
False
Is 1123999 composite?
False
Is 2339971 a prime number?
False
Is 119814458 a prime number?
False
Is 8204429 a composite number?
True
Is 285918167 composite?
True
Is 44757737 composite?
False
Is 13694029 prime?
False
Is 21907229 a composite number?
False
Is 41987719 a prime number?
False
Is 8762433 composite?
True
Is 590093 composite?
True
Is 159419 composite?
True
Is 7538423 composite?
False
Is 2234117 a composite number?
False
Is 53537699 composite?
False
Is 41013053 a prime number?
False
Is 237613 composite?
True
Is 2243833 a prime number?
True
Is 4750787 prime?
True
Is 9320261 a prime number?
True
Is 1827703 a prime number?
True
Is 676997611 prime?
False
Is 1259303 a composite number?
True
Is 220074871 prime?
False
Is 132995101 composite?
True
Is 73677257 a composite number?
True
Is 431416871 a prime number?
False
Is 4789009 prime?
False
Is 7152487 a prime number?
True
Is 476303 a composite number?
True
Is 306103417 a prime number?
False
Is 154568917 a composite number?
True
Is 149939819 composite?
True
Is 36394469 a prime number?
False
Is 73237357 a prime number?
False
Is 752749 a prime number?
False
Is 395165557 composite?
True
Is 66377551 a composite number?
False
Is 34096409 a composite number?
False
Is 40174117 composite?
False
Is 485713 prime?
False
Is 62055701 a composite number?
False
Is 612743 a composite number?
True
Is 11476861 a composite number?
True
Is 7837199 a composite number?
False
Is 19176637 composite?
False
Is 325530493 a composite number?
True
Is 1356571 prime?
True
Is 619265 prime?
False
Is 425707073 a composite number?
True
Is 1487851 a prime number?
False
Is 50192869 composite?
True
Is 14570993 prime?
False
Is 2881937 a composite number?
False
Is 7866923 composite?
False
Is 68890145 a composite number?
True
Is 623062789 a composite number?
False
Is 50547985 composite?
True
Is 772207 prime?
True
Is 26325449 a prime number?
False
Is 287269 a composite number?
False
Is 6206845 prime?
False
Is 357153253 prime?
True
Is 6047599 a composite number?
False
Is 5421839 a prime number?
True
Is 42595837 composite?
False
Is 4062579 a composite number?
True
Is 6941917 composite?
False
Is 4033057 prime?
False
Is 31439 a composite number?
True
Is 2491777 a prime number?
True
Is 3997333 composite?
True
Is 6856917 composite?
True
Is 30132833 a prime number?
True
Is 20063 a prime number?
True
Is 1547657 composite?
False
Is 3402571 a composite number?
True
Is 15040535 a composite number?
True
Is 134985493 a prime number?
True
Is 14485501 a prime number?
False
Is 5602483 a prime number?
False
Is 22137341 a prime number?
True
Is 3979139 a prime number?
False
Is 263772053 prime?
True
Is 20820655 a prime number?
False
Is 1498643 a prime number?
False
Is 714221 composite?
True
Is 42794747 a composite number?
True
Is 17782273 a composite number?
False
Is 10957651 a prime number?
True
Is 128169599 composite?
True
Is 15642937 a composite number?
False
Is 5128621 a composite number?
True
Is 322883543 a composite number?
False
Is 149763767 a composite number?
False
Is 2789239 composite?
False
Is 16585903 composite?
True
Is 39722851 a prime number?
False
Is 116659951 prime?
True
Is 1838294 composite?
True
Is 48527039 composite?
True
Is 7015517 prime?
False
Is 49250977 composite?
False
Is 231690391 a prime number?
False
Is 1372243 a composite number?
False
Is 11949599 a composite number?
True
Is 6893291 composite?
False
Is 2321587 a composite number?
False
Is 194649349 composite?
True
Is 25497569 a prime number?
False
Is 26913895 a prime number?
False
Is 18333223 a prime number?
False
Is 254899 composite?
False
Is 755113 composite?
True
Is 1726259 a composite number?
False
Is 51875549 prime?
False
Is 107435255 a composite number?
True
Is 42947447 prime?
True
Is 28827857 a p